(-3 - (-2 + 1))
1
Evaluate 4 + -5 - (-2 + 1) - 2.
-2
What is the value of (-1 - -3) + -13 + 5 + 10?
4
-12 - (-26 - -2) - 2
10
Evaluate (-3 + -2 - -8) + 0.
3
0 + -3 + -4 + 9
2
Calculate 15 + (-8 - -6) + -7.
6
Evaluate -14 + (7 + -1 - (14 - 14)).
-8
Evaluate 3 - (7 - -8) - -9.
-3
What is the value of 14 + -6 - (16 + -6)?
-2
What is 6 + -4 + 3 + -3 + 7?
9
Calculate (-2 - (2 - 2)) + 1 - 0.
-1
What is the value of 7 + (4 - (0 + 2) - 7)?
2
What is the value of -7 + (-2 - (0 - 4) - 3)?
-8
3 - 7 - 1 - -1
-4
What is -7 - (3 - 4 - 6)?
0
-4 - (0 + 3 + -6 - -3)
-4
What is 0 + -7 - (-17 - (4 + -8))?
6
-2 - (1 + -6) - 2 - -4
5
2 - ((-9 - -4) + 5)
2
What is 1 - -2 - (-10 + 17)?
-4
What is the value of -5 - (-7 + (-6 - -2) + 6)?
0
What is the value of -5 - (-4 + -4 + 7)?
-4
What is 3 + -10 + (1 - -1 - -1)?
-4
(12 - 0 - 0) + -4
8
What is the value of -19 + 23 + -9 + -1 + 8?
2
Calculate -3 - 0 - (87 + -91).
1
What is the value of -2 + (12 - (7 + 1))?
2
What is (6 + 1 - 4) + 2 + -5?
0
Evaluate 3 - (6 + 0) - (1 + -1).
-3
Evaluate -6 + 3 + -4 + 5.
-2
Calculate -2 + 4 + 12 + -13.
1
Evaluate (9 - 5) + 3 + (-7 - -3).
3
What is 5 + -3 - 3 - 6 - -5?
-2
Calculate 8 + (2 - 4) + -4.
2
Calculate -7 - (-3 - 0 - -1).
-5
Calculate (-8 + 6 + -5 - -4) + -6.
-9
-7 + (17 - 9) + 3
4
What is the value of -4 + 3 + (-4 - -2) + 1?
-2
Evaluate 1 + (3 - -2) + (-7 - -4).
3
What is -8 + 12 + (-3 - -3)?
4
What is the value of (-6 - -1) + 51 + -56?
-10
What is the value of -3 + (-6 - (-3 + -3))?
-3
What is -9 + 10 - (4 + -2)?
-1
What is 5 + (-1 - 3) + (-7 - -1)?
-5
What is the value of (33 - 27) + (-2 - -2)?
6
2 + (-7 - -1) + (18 - 8)
6
What is -46 + 36 - (-5 - -1)?
-6
(4 - 3) + -4 + -3
-6
What is (-4 - -4 - -3) + -3?
0
Evaluate -3 - (-3 - -1 - (-9 - -7)).
-3
Calculate 2 - (-1 + 0 + 9 - 4).
-2
Calculate (-1 - (-5 + -1)) + -4.
1
Calculate -5 + 2 + (11 - 8) + -2.
-2
What is -2 - (1 + -4 - -3 - 3)?
1
Calculate 3 + (-9 - -2) + 5 - -2.
3
Calculate (0 - -1 - -2) + -5.
-2
What is the value of 3 - (1 + (1 - (7 - 3)))?
5
(2 - 8) + -14 + 25
5
0 - -1 - 0 - -3
4
What is the value of (-2 - (1 + -4 + -1)) + -6?
-4
What is -3 - (5 + -3) - -7?
2
Evaluate 8 + -6 + 2 - (-2 + 3).
3
Calculate 2 + -7 - (-1 + -2 + 3).
-5
What is the value of 2 - (-4 - -5) - 7?
-6
Evaluate 0 - 6 - (3 + 2 + -5).
-6
0 + 3 + -8 - (2 - 2)
-5
-1 + 2 + (-1 - -2 - 1)
1
Calculate -3 - 1 - (22 - 21).
-5
(-2 + 3 - -2) + (0 - 0)
3
Evaluate -1 + -4 + (-2 - -3) + 1.
-3
2 + 2 - (21 + (-8 - 13))
4
What is 0 + 7 - 7 - -2 - -4?
6
Calculate 7 + (9 + -7 - 4).
5
What is -2 - (-1 + -1 + -3 + 4)?
-1
-1 - (0 + 1) - -2 - -1
1
What is the value of (-1 + 3 - 2) + 5?
5
(9 - 5) + 4 + -10 + 2
0
What is the value of 6 + -6 + 3 - (-4 - -6)?
1
What is the value of 1 - (-5 - ((-1 - 10) + -1))?
-6
Evaluate -3 - (-10 + 21) - -9.
-5
Evaluate 1 - (3 + 1 + 3 + -4).
-2
What is -15 + (9 - 7) + 6?
-7
What is the value of 4 - (-5 - (0 + -9))?
0
Calculate -4 + 2 + (10 - 12) + -1.
-5
11 + -2 + (0 - (9 + -7))
7
What is 10 + (-13 - -7) - -1 - 8?
-3
Evaluate (263 - 255) + (-4 - 1) + -1.
2
Calculate -1 + -5 - -18 - 13.
-1
((4 - -3) + -4 - 1) + -3
-1
What is 1 - (2 + -2 - -6)?
-5
What is 4 - (2 + -1) - (-2 - -4)?
1
(26 - 23) + (1 - (-3 - 0))
7
What is the value of 59 + -56 - (7 - (0 - 0))?
-4
Evaluate (2 - 8) + 3 + (-5 - -2).
-6
What is -23 + 26 - (1 + -1 + 1)?
2
5 - (5 + -1 + -1)
2
-1 + 12 - (1 - -3)
7
Calculate -1 - 1 - (-3 - 2).
3
-3 + 7 - (-2 - -9) - 6
-9
Calculate 1 + 0 + -1 - 2.
-2
What is -1 - (-5 - ((-7 - 2) + 0))?
-5
-5 + 1 + -1 + 8 - 0
3
What is the value of -4 - (1 + 2 + (2 - 5))?
-4
Calculate 6 + -2 + 2 - 11.
-5
What is the value of -3 + (-5 - -1) + (-6 - -9)?
-4
What is the value of -51 - -58 - (-1 + 10)?
-2
Evaluate -9 + 0 + (1 + 4 - 1).
-5
-13 + (-4 + 1 - -4) + 5
-7
-9 - (5 - 10 - -1)
-5
What is (3 - (-2 - -2)) + (0 - 1)?
2
What is the value of -3 - (7 + 2 + -7 + -3)?
-2
What is the value of -21 + 29 - (-1 + 6)?
3
What is the value of -2 + 5 - (3 - -1) - 2?
-3
Evaluate -12 - (-20 + 8 - -5).
-5
What is 6 - (-1 + (-4 - (-8 + 2)))?
5
Evaluate -5 + 10 - ((0 - 1) + 4).
2
What is the value of 4 + (-2 - (-3 + 5))?
0
3 - (8 - (3 - 4))
-6
Evaluate 7 + 2 + -7 - (0 + 4).
-2
-1 - (7 + -5 - 2)
-1
What is 3 - 1 - (8 + -3)?
-3
Evaluate 3 + (2 - 2) + 0 + 0.
3
Evaluate 1 + 6 - (-9 + 22).
-6
What is 8 - (0 + -4 + 12)?
0
Evaluate (-2 - -1 - 1) + -5 + 12.
5
Calculate (-7 - -13) + (-4 - 4).
-2
What is the value of 3 + (-3 - (0 - -5)) + 2?
-3
What is (0 - -3) + (-43 - -46)?
6
Calculate -8 - (-7 + (-4 - -5)).
-2
Evaluate -144 + 146 + (0 - -5).
7
Calculate (6 - -3) + -5 - (3 + -1).
2
What is the value of 0 - (3 - 1) - 2 - -2?
-2
Calculate 2 - ((1 - 2) + -2 + 6).
-1
What is the value of (85 - 71) + (-6 - 1)?
7
What is 5 + -12 + 14 + -3?
4
What is the value of 5 - (6 - (-4 + 5)) - -3?
3
What is the value of 5 + -2 - 1 - (-8 - -6)?
4
Calculate 3 + -1 + (23 - 31).
-6
Calculate 2 - ((-1 - (-2 - 1)) + 6).
-6
Evaluate 8 + -4 - (7 + -4 - 1).
2
Calculate -3 + (-1 + 1 - (4 + -4)).
-3
Evaluate (2 - -4) + (-1 - 0) + -2.
3
2 - (3 - 6) - 5
0
Evaluate -4 + -1 + (8 - 9).
-6
What is 2 + (1 - (6 + -7))?
4
13 + -7 - (4 + -4)
6
What is the value of 3 + -5 - ((0 - 0) + -3)?
1
What is 4 - 1 - (4 - 6)?
5
What is the value of -8 + -16 + 10 - -8?
-6
What is the value of 7 - (-3 + (-4 - (-14 - -4)))?
4
Evaluate 1 + 1 + -1 + (-9 - -5).
-3
Evaluate (3 - 5) + 1 - 1.
-2
Calculate 10 + (-1 - (17 - 10)).
2
What is 8 + (-7 - (6 + -12))?
7
(6 - (-1 + 4) - 2) + -3
-2
What is 0 + 0 + (-4 - -5) + 3?
4
Calculate -7 - (-9 + 5) - (-12 - 0).
9
What is (3 - 5 - 0) + 2?
0
-1 - -5 - ((2 - 0) + 5)
-3
What is the value of (1 - 0) + (8 - (8 + -4))?
5
What is -2 + 2 + (-22 - -25)?
3
Evaluate 2 - (1 + -2) - (-3 + 1).
5
Calculate (-1 - 1 - -3) + -4.
-3
Evaluate 11 - (1 - (-2 + -2 - 0)).
6
Evaluate -9 - (-6 - -2 - 9).
4
-4 + -4 + 12 + 2 + -10
-4
-5 + -3 - (24 + -26)
-6
Calculate 0 + (3 + -11 - 3).
-11
What is 4 + 1 + -7 + 8?
6
Calculate -4 + (-1 + 5 - -3).
3
Calculate (-3 - (0 - 1)) + -1 - -4.
1
What is the value of -2 + 0 + -2 + 3 + -4?
-5
Evaluate 20 + -10 + -29 + 9.
-10
What is the value of (-1 - -3) + (10 + -26 - -19)?
5
(1 - -1 - -1) + (-3 - -9)
9
What is the value of (-2 - 2) + 4 - (3 - 4)?
1
Calculate 98 + -111 + 2 + 7.
-4
-6 - -3 - -4 - (5 + -3)
-1
Evaluate 0 + (0 + 1 + 0 - 2).
-1
(-3 - -3) + (8 + 3 - 6)
5
What is (-9 - -1) + 5 + -2 + 4?
-1
Calculate -20 - -27 - (1 + 12).
-6
Evaluate -1 - -6 - (4 + -1).
2
What is the value of -5 - (0 + (2 + -3 - -1))?
-5
Evaluate -8 - (4 + -4 + 1) - 1.
-10
Evaluate -11 - (-14 + -11) - 10.
4
-4 + 4 - (0 + 0) - 0
0
Evaluate -2 + -1 + 0 + 0.
-3
Calculate (8 - 0) + (42 - 45).
5
What is the value of 3 + -4 + 3 + -4?
-2
What is the value of (-3 + 0 + 1 - 2) + 9?
5
What is 3 + (-10 - (1 + -7))?
-1
Calculate -62 + 48 + -1 + 6.
-9
What is -5 + (-3 - 0 - -8)?
0
1 - (-4 + 4 + -3)
4
Calculate (1 - 0) + (0 - -7) + -13.
-5
Evaluate (1 - (-3 + 13 + -5)) + 3.
-1
Evaluate 5 - (-1 + 3 + -2).
5
What is the value of 0 - -3 - (15 - 18)?
6
What is the value of -9 + (-3 - -5 - -2)?
-5
What is the value of 3 - (3 + 0 - 1)?
1
Evaluate 7 + -5 + (-6 - -7) + -8.
-5
Evaluate -3 - 6 - (-6 + 0) - -6.
3
What is -15 + 0 - (-5 + 1) - -5?
-6
Calculate (8 - (4 + -2)) + -1.
5
Calculate 1 - (-1 - -2) - (1 + -1).
0
Evaluate -1 - 2 - (4 + -3 - 3).
-1
Evaluate (1 - -1) + -8 + 10 + -7.
-3
What is -1 - (1 - (7 - (4 - 4)))?
5
Evaluate (1 + -1 - (-56 + 51)) + 4.
9
What is -2 - (6 + -14) - (-2 - -1)?
7
Evaluate (-5 - -13 - 22) + 8.
-6
What is (2 - 0 - 12) + 8 + -3?
-5
What is 4 - (16 + 8 + -16)?
-4
Evaluate -4 + (2 - -1) + (2 - -2).
3
Evaluate (1 + 0 - 1) + -4.
-4
Evaluate 7 + -4 + 0 + 1.
4
Calculate 25 + -21 + 1 + 4.
9
Evaluate 1 + (11 - 7) + -10.
-5
Evaluate (1 - 0) + (-7 - (13 - 23)).
4
Calculate (-3 + 8 + -4 - -5) + -4.
2
What is the value of 9 + 8 + -22 + 7?
2
Calculate (80 - 91) + -1 + 16.
4
Calculate (2 - 8 - (-14 + 5)) + -12.
-9
(3 + -2 - 5) + 3 + 2
1
Calculate -6 + (-4 + 4 + 2 - -3).
-1
What is (-5 - -5) + 12 + -3 + -17?
-8
What is -11 - -7 - (0 + 1)?
-5
Evaluate -3 - (-10 - -7 - 2).
2
What is the value of -5 - (-11 - -5 - -3)?
-2
Evaluate 0 - (-4 - (0 + -1) - 1).
4
What is the value of -2 + 0 + 4 + -4?
-2
Calculate -1 - (-1 - (3 - 4)) - 0.
-1
What is 8 - (-4 + 9 + (2 - 7))?
8
(-1 - (-10 - 0)) + -17
-8
What is the value of -3 